vative of v**5/60 + v**4/24 - v**3/2 - v**2 - 18*v. What is i(0)?
-3
Suppose 3 = 3*n - 18. Suppose -5*o + 9*o + 28 = 0. Let z = o + n. Let q(r) = r**2 - 6. Determine q(z).
-6
Let j(l) = -l**2 - l + 7. Let d be ((-7)/28)/(2/56). Calculate j(d).
-35
Suppose -5*n + 30 - 40 = 0. Let u(g) be the first derivative of g + 1/2*g**2 + 4. Give u(n).
-1
Let d(s) = 2*s**2 - s + 3. Let f(i) = 5*i**2 + 5. Let n(h) = 36*h**2 + 36. Let q(g) = -15*f(g) + 2*n(g). Let a(l) = -4*d(l) - 3*q(l). Give a(-6).
9
Let h(t) = t. Let c(k) = 2*k + 42. Let r be c(-19). Let d(l) = -5*l + 1. Let f(w) = r*h(w) + d(w). What is f(6)?
-5
Let r(u) = -u**2 - 2*u + 2. Let y(t) = -37*t**3 + 2*t**2 - 2. Let a be y(-1). Let o = a + -33. Suppose 3*i = 5*i - o. Give r(i).
-6
Let s(p) = -p**3 + 6*p**2 - 2*p - 6. Suppose -4*b + 4 = 2*y, 3*y - 3*b - 30 = -y. Give s(y).
-18
Let r(y) = y**2 + 4*y - 23. Let i be r(-8). Let v(u) = u + 2. What is v(i)?
11
Let s be ((-4)/12)/(5/(-45)). Let g(c) = 6*c. Let k be g(1). Suppose -2*d - k = -s*d. Let t(x) = -2*x + 4. Determine t(d).
-8
Let p(s) = -9*s - 4. Suppose -o - 4*x + 12 = -9*x, 9 = -3*x. Calculate p(o).
23
Let s(c) = 10*c + 388. Let f be s(-39). Let l(t) = -5*t - 3. Determine l(f).
7
Let f(w) = 17786*w**2 + 1 - 17770*w**2 + 0. Calculate f(1).
17
Let h be 4/(-20) + (-29)/5. Let y(j) = j**2 + 5*j - 5. Let l be y(h). Let a(i) = -5*i + l + 2*i + 0*i + 4. Determine a(6).
-13
Let k(r) be the third derivative of -r**5/60 + r**4/6 + 8*r**3/3 - 558*r**2. Give k(7).
-5
Let w be ((-16)/14)/(24/(-84)). Suppose 4*u = 4*z + 4, z - 7 = -2*z + u. Suppose 4 = -w*n - z. Let k(x) = 3*x**2 - x - 1. What is k(n)?
13
Let g(c) = -c + 2. Suppose -27*f + 60 = -15*f. Calculate g(f).
-3
Let o = -11 + 9. Let z(j) = j**3 - 2*j**2 + 4*j**2 - 2 - 3*j**2 - j**2. Calculate z(o).
-18
Let x(o) be the first derivative of -o**4/4 - 4*o**3/3 + 2*o**2 - 5*o + 150. Calculate x(-5).
0
Suppose 2*x + 199 = -w + 208, 0 = 3*x + 4*w - 6. Let a(f) = 2*f**2 - 11*f - 11. What is a(x)?
-5
Suppose 4*z + 3 = 4*s + s, -z = s + 3. Let p(b) = 9*b + 2. Let y(k) = -441*k - 99. Let n(d) = -198*p(d) - 4*y(d). Determine n(s).
18
Suppose -2 = 5*y - 4*d - 8, 2 = 2*d. Let l(j) = -j**y + 6*j + j - 3 + 13. Determine l(8).
2
Suppose -1 = 2*w - 9. Suppose -6*g + 3*g + 15 = 0. Let n(q) = -q - 1. Let o(p) = -p + 1. Let d(y) = g*o(y) - n(y). Give d(w).
-10
Let b(r) = 2*r**3 - 34*r**2 - 12*r - 23. Let u(t) = -6*t**3 + 101*t**2 + 37*t + 68. Let z(c) = -8*b(c) - 3*u(c). Determine z(16).
-4
Let b(w) = -w**3 + 5*w**2 + 6*w. Let v be 0 + -2*4/8 + 4. Suppose 21 = v*o + 3. Give b(o).
0
Let b(f) = f**3 - 4*f**2 - 5. Suppose 3*u + 0*x = 3*x - 165, -3*x = 0. Let q = u + 59. Calculate b(q).
-5
Let x(q) be the third derivative of -q**5/60 - q**4/6 + q**3 + 77*q**2 - 7*q. Suppose 8 + 2 = -2*a. Determine x(a).
1
Suppose -u + 1 = f, 0*u - 2*f = -2*u + 10. Let s(w) = -w**2 + w - 1. Let d(k) = 3*k**2 - 2*k + 3. Let b(a) = 3*d(a) + 7*s(a). Give b(u).
23
Let u(h) = -6*h - 2. Suppose i - 2*n + 4 = -i, -n = 4*i + 8. Calculate u(i).
10
Suppose -9 = 8*w + 7. Let p be -9 - 0*w/6. Let f(q) = 3*q + 7. Calculate f(p).
-20
Let n be (-5)/(-4) + (195/20)/13. Let y(h) be the first derivative of 1/4*h**4 + 4*h**n + 3*h + 8/3*h**3 - 9. Give y(-7).
-4
Let y be 20/40 + (-34)/4. Let p = y - -5. Let b(k) = k**2 - 1. Determine b(p).
8
Let v(m) = 2 - 4*m - m**2 + 3*m + 3*m. Let r(a) = 12 - 8*a + 4*a**3 - 8*a**3 - 4*a**3 - 10*a**2 + 7*a**3. Let k be r(-9). Calculate v(k).
-1
Suppose 0*h - h = 0. Let v(n) be the third derivative of -3*n**2 + 0*n + 0*n**4 + 0 + 1/60*n**5 - n**3. Determine v(h).
-6
Let a(k) be the second derivative of -3/2*k**2 + 0 - 1/12*k**4 - 11*k + k**3. Calculate a(5).
2
Let s = -242 + 255. Suppose -s*y + 14 - 1 = 0. Let p(a) be the second derivative of 5*a**4/12 - a. Give p(y).
5
Suppose -6*r + 110 = -r. Suppose -4*n = -r - 78. Let v be 10/n + 21/(-15). Let i(j) = -j**3 + j**2 - j - 1. Calculate i(v).
2
Let w(d) = 3*d**2 - 6*d + 14. Let v(t) = 2*t**2 - 4*t + 9. Let c(n) = 8*v(n) - 5*w(n). Suppose -2*f = -2*x - 14, -5*f + 8 = x + 3. Give c(f).
2
Let i = 43 + -24. Let t(h) = -21*h**2 - i*h**2 + 3 + 6*h + 41*h**2. Determine t(-6).
3
Let n(p) = -p - 14. Let u = -114 - -104. Calculate n(u).
-4
Let j(s) = 5*s**2 - 9*s + 11. Let n(a) = -4*a**2 + 8*a - 10. Let v(r) = -5*j(r) - 6*n(r). Suppose 2*d = 5*m + 10, -m = 5*d - 4*m + 13. What is v(d)?
-5
Let q(f) = -9*f**3 - 3*f**2 + 8*f - 9. Let w(r) = 4*r**3 + r**2 - 4*r + 4. Let h(z) = 6*q(z) + 13*w(z). Let c be (1 + 1 + -1)*-3. Determine h(c).
19
Let g be (-3 - (-1 - -2))*7/(-4). Let s(c) = 0 - 32*c + 30*c + g. Calculate s(6).
-5
Let k = 28 - 29. Let o(m) = -8*m**3 + m**2 + 3*m + 1. Let q(b) = b. Let p(g) = k*q(g) + o(g). Calculate p(-1).
8
Suppose 3*h - 66 = -0*h. Suppose -2*w = -0*w + 4*u - h, 3*w = u + 19. Let n(k) = 0 - 3 + w*k**2 + 1 - k**3. Determine n(7).
-2
Suppose -2*i - 8 = -6*i. Let d(q) = -q**3 - 5*q**2 - 5*q - 4. Let c be d(-4). Suppose 0*u - i*u = c. Let p(l) = l**2 + l - 6. What is p(u)?
-6
Let g(t) = -2*t + 402*t**2 - t + 3 - 6 - 378*t**2 + 2. What is g(-1)?
26
Let m(h) = -117*h + 139 + 4*h**2 + 0*h**2 + 116*h - 139. Determine m(2).
14
Let u be ((5 + (-25)/5)/3)/(-2). Let n(q) = -q**2 - 5. Calculate n(u).
-5
Let i(p) = -p + 19. Let k(y) = -y + 16. Let z(b) = 3*i(b) - 4*k(b). Let s = 0 - 0. Give z(s).
-7
Let k(q) = -q**3 - 3*q**2 - q - 2. Let h be k(-3). Let x(m) be the first derivative of 0*m**3 - 1/2*m**4 + 0*m**2 + 0*m + 15. Give x(h).
-2
Let t(i) = -6*i - 17. Let c(n) = 32*n + 89. Let y(q) = 2*c(q) + 11*t(q). Suppose 9*w = 4*w - 30. Let p = w + 0. Calculate y(p).
3
Let p(g) = -6*g + 7*g**2 + 2*g - 3*g**2 + 2*g**2 - 2 - g**3. Suppose -2*z + 10 = 3*i, -i - 25 = -2*i - 5*z. Suppose i = -4*s - s + 25. What is p(s)?
3
Let h(v) = v**3 - 4*v**2 + 12*v - 88. Let l be h(5). Let f(p) = -5*p**2 + 2*p - 2. Let a(r) = -r**2 - 1. Let u(k) = 6*a(k) - f(k). What is u(l)?
-7
Let k be 304/(-30) + (-14)/(-105). Let u be 51/15 + k/25. Let l(w) = w**3 - 2*w**2 - 3. What is l(u)?
6
Suppose 2*t + 4 = 0, 0 = -5*j - t - 5 + 33. Let m(n) = -5*n**2 + 4*n + 5. Let l(z) = -6*z**2 + 4*z + 6. Let f(y) = -4*l(y) + 5*m(y). What is f(j)?
-11
Let r(y) = y**3 - 2*y**2 + 2. Let a(q) = -q**3 - 12*q**2 - 18*q + 23. Let c be a(-10). Determine r(c).
11
Suppose -2*x = 2*t + 2*t - 14, -2*x - 1 = -t. Let w(m) = -m - 6*m + 2*m - x + m. Calculate w(1).
-5
Let d(h) be the third derivative of h**6/60 + h**5/120 - h**4/24 - 17*h**3/6 + h**2. Let x(u) be the first derivative of d(u). Determine x(1).
6
Let w(i) be the second derivative of 0*i**3 - i + 0 + 1/12*i**4 - 3*i**2. Suppose -10 = 3*d - 5*c, d + c = -2*c + 6. Calculate w(d).
-6
Suppose 8 - 30 = -l + 4*m, 0 = 3*m + 12. Let j(h) be the second derivative of -h**4/12 + 5*h**3/6 - 9*h**2/2 - 5*h. Determine j(l).
-15
Let v = 1 - 4. Let y(l) be the second derivative of l**5/60 + l**4/12 - 8*l**3/3 - 25*l. Let o(x) be the second derivative of y(x). Calculate o(v).
-4
Let o(c) = -3*c - 5. Suppose 0 = 4*s + 12 + 12. Let t(l) = 2*l + 4. Let j = 32 + -37. Let m(p) = j*o(p) + s*t(p). Give m(-2).
-5
Let p = -577 - -579. Let d(i) = -4*i**2 + i + 2. Give d(p).
-12
Let d(o) = -8*o + 20. Let r = 16 - 17. Let n(b) = -b + 2. Let x(k) = r*d(k) + 6*n(k). Give x(6).
4
Let g(z) be the second derivative of -z**3/2 + 4*z**2 - 30*z. Let w(h) = h**3 + 5*h**2 + 2*h - 6. Let v be w(-3). Calculate g(v).
-10
Let z(k) = k**3 - 5*k**2 - 9*k + 4. Let t = -178 - -184. Give z(t).
-14
Let b(g) = -g**2 + 2*g - 2. Let v be b(2). Let p(h) be the first derivative of -h**4/2 - 4*h**3/3 - 3*h**2/2 + 182. What is p(v)?
6
Let c(h) be the first derivative of -h**2/2 + 3*h - 57. Calculate c(-6).
9
Let d(a) = -19. Let l(u) = u - 59. Let c(y) = -11*d(y) + 4*l(y). What is c(7)?
1
Let b(l) = -1 - 2 + l**2 + 1. Suppose -13*k = 2*k - 60. What is b(k)?
14
Let g(c) = -3*c - 194 + 90 + 99. Let d be 3/6 + (-18)/4. Give g(d).
7
Let m(h) = -20*h**2 - 21*h - 24. Let n(c) = -7*c**2 - 7*c - 8. Let b(a) = -6*m(a) + 17*n(a). Suppose 4*i - 3*z + 34 = 0, 3*i - 4*z - 46 + 75 = 0. Give b(i).
8
Let i(b) = b**3 + 9*b**2 + b - 1. Suppose -10*v + 27*v + 153 = 0. Calculate i(v).
-10
Let s(b) be the second derivative of -1/12*b**4 + 1/6*b**3 + 7*b + 0 - 1/2*b**2. Let o(t) = -3*t**3 + t**2 + t - 1. Let r be o(1). Give s(r).
-7
Let q be (-1 